 235689531.
3, 7, 11, 1020301
List the prime factors of 66498132.
2, 3, 163, 33997
What are the prime factors of 573961460?
2, 5, 41, 699953
List the prime factors of 47070845.
5, 37, 254437
What are the prime factors of 1024032409?
1024032409
What are the prime factors of 5161888532?
2, 2347, 549839
List the prime factors of 256049243.
31, 167, 49459
What are the prime factors of 39535510?
2, 5, 7, 564793
What are the prime factors of 2566716691?
7, 11, 113, 294991
List the prime factors of 62442754.
2, 11, 37, 41, 1871
What are the prime factors of 2677644298?
2, 7, 29, 942169
What are the prime factors of 587157134?
2, 293578567
List the prime factors of 318186968.
2, 11, 23, 157207
What are the prime factors of 32753637?
3, 7, 79, 6581
List the prime factors of 596486315.
5, 191, 624593
List the prime factors of 1564990636.
2, 11, 4441, 8009
List the prime factors of 893942244.
2, 3, 13, 373, 569
What are the prime factors of 9594219?
3, 53, 83, 727
List the prime factors of 256344799.
256344799
List the prime factors of 7951861310.
2, 5, 1163, 683737
List the prime factors of 802263836.
2, 11, 18233269
What are the prime factors of 3098617164?
2, 3, 5839, 14741
List the prime factors of 91965754.
2, 45982877
List the prime factors of 707592495.
3, 5, 409, 115337
What are the prime factors of 637129187?
23, 743, 1621
List the prime factors of 107944470.
2, 3, 5, 337, 3559
List the prime factors of 628221278.
2, 314110639
What are the prime factors of 157593807?
3, 7, 2501489
What are the prime factors of 499133789?
7, 11, 6482257
List the prime factors of 44698511.
11, 13, 241, 1297
What are the prime factors of 58363230?
2, 3, 5, 421, 4621
What are the prime factors of 734690089?
7, 29, 1187, 3049
List the prime factors of 369205710.
2, 3, 5, 79, 155783
List the prime factors of 149242339.
31, 155299
What are the prime factors of 269163982?
2, 71, 1895521
List the prime factors of 828871570.
2, 5, 82887157
What are the prime factors of 621439978?
2, 3511, 88499
What are the prime factors of 291113688?
2, 3, 12129737
What are the prime factors of 563673578?
2, 13, 21679753
List the prime factors of 5061830975.
5, 202473239
What are the prime factors of 34071347?
97, 197, 1783
What are the prime factors of 19891874?
2, 9945937
What are the prime factors of 1246469937?
3, 17, 24440587
List the prime factors of 322803032.
2, 113, 357083
What are the prime factors of 17835179?
683, 26113
What are the prime factors of 98539605?
3, 5, 19, 41, 937
What are the prime factors of 53881430?
2, 5, 5388143
What are the prime factors of 1509558266?
2, 5449, 138517
What are the prime factors of 17202669?
3, 11, 37, 73, 193
List the prime factors of 602759505.
3, 5, 23, 31, 56359
List the prime factors of 53783075.
5, 53, 40591
List the prime factors of 30192827.
7, 83, 157, 331
List the prime factors of 933780004.
2, 19, 12286579
What are the prime factors of 921403472?
2, 11, 59, 89, 997
List the prime factors of 53178757.
971, 54767
What are the prime factors of 1827518718?
2, 3, 304586453
What are the prime factors of 301448713?
301448713
What are the prime factors of 950020222?
2, 29, 61, 268519
What are the prime factors of 1939393331?
53, 36592327
List the prime factors of 11286240.
2, 3, 5, 7, 3359
List the prime factors of 176633025.
3, 5, 19, 123953
List the prime factors of 165472575.
3, 5, 31, 71171
List the prime factors of 103430495.
5, 7, 41, 72077
List the prime factors of 3131142327.
3, 79, 4403857
What are the prime factors of 146863009?
146863009
What are the prime factors of 2089931519?
13, 7001, 22963
What are the prime factors of 110590083?
3, 17, 479, 503
What are the prime factors of 42915031?
97, 227, 1949
List the prime factors of 33004221.
3, 41, 151, 1777
List the prime factors of 279228183.
3, 13, 1693, 4229
What are the prime factors of 1175616296?
2, 23, 71, 89989
List the prime factors of 1255080964.
2, 17, 18457073
What are the prime factors of 2953604813?
2953604813
What are the prime factors of 10307763?
3, 17, 1321
List the prime factors of 24842505.
3, 5, 1656167
What are the prime factors of 2148437466?
2, 3, 7, 43, 131, 1009
List the prime factors of 73950822.
2, 3, 11, 373489
What are the prime factors of 229969006?
2, 641, 179383
What are the prime factors of 924957919?
924957919
List the prime factors of 14723167.
14723167
List the prime factors of 121912736.
2, 11, 47, 7369
List the prime factors of 7909426321.
43, 183940147
List the prime factors of 551818432.
2, 11, 67, 11699
What are the prime factors of 166493028?
2, 3, 13, 1067263
List the prime factors of 41466583.
2383, 17401
List the prime factors of 6012074.
2, 3006037
What are the prime factors of 17968870?
2, 5, 19, 94573
List the prime factors of 651019559.
651019559
What are the prime factors of 5105027856?
2, 3, 106354747
What are the prime factors of 63983297?
7, 523, 17477
What are the prime factors of 50791334?
2, 11, 97, 23801
What are the prime factors of 280417510?
2, 5, 47, 596633
What are the prime factors of 1560080454?
2, 3, 331, 809, 971
List the prime factors of 130178218.
2, 3347, 19447
What are the prime factors of 1030705243?
1030705243
List the prime factors of 927794388.
2, 3, 37, 2089627
List the prime factors of 42694730.
2, 5, 13, 328421
What are the prime factors of 462048100?
2, 5, 17, 191, 1423
List the prime factors of 1453359169.
233, 457, 13649
What are the prime factors of 968598088?
2, 277, 437093
List the prime factors of 65491604.
2, 16372901
What are the prime factors of 859061158?
2, 429530579
List the prime factors of 1932745375.
5, 11, 31, 45343
List the prime factors of 486779385.
3, 5, 32451959
List the prime factors of 594614583.
3, 5867, 11261
List the prime factors of 1414291655.
5, 7, 59, 97841
List the prime factors of 472705569.
3, 7, 53, 67, 2113
What are the prime factors of 508716127?
19, 2339, 11447
What are the prime factors of 98833384?
2, 13, 157, 6053
What are the prime factors of 210749193?
3, 23416577
What are the prime factors of 2841148838?
2, 11, 5573, 23173
What are the prime factors of 81590607?
3, 7, 1295089
List the prime factors of 116740552.
2, 14592569
List the prime factors of 395081609.
13, 2337761
List the prime factors of 3840079805.
5, 29, 1553, 17053
List the prime factors of 421671821.
2837, 148633
List the prime factors of 977163006.
2, 3, 349, 466649
What are the prime factors of 4458632611?
199, 2957, 7577
List the prime factors of 12789733.
11, 109, 10667
What are the prime factors of 38711145?
3, 5, 11, 234613
List the prime factors of 662340940.
2, 5, 2441, 13567
What are the prime factors of 5394919432?
2, 7, 19, 5070413
List the prime factors of 3687133.
3687133
List the prime factors of 51417727.
51417727
List the prime factors of 625839010.
2, 5, 62583901
List the prime factors of 184974567.
3, 4637, 13297
List the prime factors of 126145227.
3, 13, 47, 68819
List the prime factors of 6591213044.
2, 13, 233, 544009
What are the prime factors of 161397484?
2, 41, 71, 83, 167
List the prime factors of 1076465884.
2, 13, 73, 283579
What are the prime factors of 566319183?
3, 41, 4604221
What are the prime factors of 47187318?
2, 3, 241, 32633
List the prime factors of 137833863.
3, 45944621
What are the prime factors of 64764358?
2, 79, 409901
List the prime factors of 2240303938.
2, 223, 929, 5407
What are the prime factors of 85883475?
3, 5, 37, 30949
List the prime factors of 84297785.
5, 11, 13, 117899
List the prime factors of 1268336435.
5, 41, 6187007
List the prime factors of 1080445863.
3, 7, 17, 53, 3359
List the prime factors of 8801434.
2, 4400717
What are the prime factors of 1847915674?
2, 11, 17, 41, 120511
What are the prime factors of 7425278772?
2, 3, 2659, 232709
What are the prime factors of 101090527?
101090527
List the prime factors of 127626670.
2, 5, 12762667
What are the prime factors of 52935970?
2, 5, 5293597
List the prime factors of 885194921.
13, 79, 317, 2719
List the prime factors of 107948300.
2, 5, 17, 63499
What are the prime factors of 496186241?
149, 647, 5147
What are the prime factors of 9890750?
2, 5, 39563
What are the prime factors of 337252834?
2, 17, 9919201
List the prime factors of 1218321607.
31, 37, 257, 4133
List the prim